{"id":2,"date":"2010-08-09T09:47:41","date_gmt":"2010-08-09T09:47:41","guid":{"rendered":"http:\/\/slo.nu\/?page_id=2"},"modified":"2020-08-28T12:52:28","modified_gmt":"2020-08-28T12:52:28","slug":"om","status":"publish","type":"page","link":"https:\/\/slo.nu\/","title":{"rendered":"Om SLO"},"content":{"rendered":"<p>V\u00e4lkommen till SLO:s hemsida.<\/p>\n<p><strong>SLO<\/strong> \u00e4r branschorganisationen f\u00f6r fr\u00e4mjandet av Limousiner i yrkestrafik.<br \/>\n<strong>SLO<\/strong> arbetar f\u00f6r att underl\u00e4tta och marknadsf\u00f6ra alla som driver Limousineservice med yrkestrafiktillst\u00e5nd i Sverige.<br \/>\nBland annat driver vi fr\u00e5gan om utsk\u00e4nkningstillst\u00e5nd i Limousiner. <\/p>\n<p>Du kan ladda hem en PDF med v\u00e5ra stadgar <a href=\"http:\/\/slo.nu\/wp-content\/uploads\/2010\/08\/Stadgar_SLO.pdf\">via denna l\u00e4nk<\/a>.<\/p>\n<hr>\n<p>Inom kort kommer mer information om Svensk Limousineorganisation. Tills dess \u00e4r du v\u00e4lkommen att kontakta oss p\u00e5 042-340 623, eller maila till <a href=\"mailto:info@slo.nu\">info@slo.nu<\/a>.<br \/>\nTitta g\u00e4rna in p\u00e5 v\u00e5r <a href=\"http:\/\/www.facebook.com\/group.php?gid=119170168132463\">Facebook-grupp<\/a> f\u00f6r mer information och nyheter.<\/p>\n<p>Du kan ladda hem ett PDF-dokument f\u00f6r anm\u00e4lan till SLO genom att <a href=\"http:\/\/slo.nu\/wp-content\/uploads\/2020\/08\/SLO-anmalan-2020.pdf\">klicka h\u00e4r<\/a>.<\/p>\n","protected":false},"excerpt":{"rendered":"<p>V\u00e4lkommen till SLO:s hemsida. SLO \u00e4r branschorganisationen f\u00f6r fr\u00e4mjandet av Limousiner i yrkestrafik. SLO arbetar f\u00f6r att underl\u00e4tta och marknadsf\u00f6ra alla som driver Limousineservice med yrkestrafiktillst\u00e5nd i Sverige. Bland annat driver vi fr\u00e5gan om utsk\u00e4nkningstillst\u00e5nd i Limousiner. Du kan ladda hem en PDF med v\u00e5ra stadgar via denna l\u00e4nk. Inom kort kommer mer information om [&hellip;]<\/p>\n","protected":false},"author":1,"featured_media":0,"parent":0,"menu_order":0,"comment_status":"closed","ping_status":"closed","template":"","meta":{"spay_email":""},"jetpack_shortlink":"https:\/\/wp.me\/P15c9M-2","_links":{"self":[{"href":"https:\/\/slo.nu\/index.php?rest_route=\/wp\/v2\/pages\/2"}],"collection":[{"href":"https:\/\/slo.nu\/index.php?rest_route=\/wp\/v2\/pages"}],"about":[{"href":"https:\/\/slo.nu\/index.php?rest_route=\/wp\/v2\/types\/page"}],"author":[{"embeddable":true,"href":"https:\/\/slo.nu\/index.php?rest_route=\/wp\/v2\/users\/1"}],"replies":[{"embeddable":true,"href":"https:\/\/slo.nu\/index.php?rest_route=%2Fwp%2Fv2%2Fcomments&post=2"}],"version-history":[{"count":28,"href":"https:\/\/slo.nu\/index.php?rest_route=\/wp\/v2\/pages\/2\/revisions"}],"predecessor-version":[{"id":132,"href":"https:\/\/slo.nu\/index.php?rest_route=\/wp\/v2\/pages\/2\/revisions\/132"}],"wp:attachment":[{"href":"https:\/\/slo.nu\/index.php?rest_route=%2Fwp%2Fv2%2Fmedia&parent=2"}],"curies":[{"name":"wp","href":"https:\/\/api.w.org\/{rel}","templated":true}]}}