{"id":128,"date":"2020-08-28T12:06:18","date_gmt":"2020-08-28T12:06:18","guid":{"rendered":"http:\/\/slo.nu\/?page_id=128"},"modified":"2020-08-28T12:06:18","modified_gmt":"2020-08-28T12:06:18","slug":"aldre-nyheter","status":"publish","type":"page","link":"http:\/\/slo.nu\/?page_id=128","title":{"rendered":"\u00c4ldre Nyheter"},"content":{"rendered":"<p><strong>2012-06-14<\/strong>: Sekreteraren i SLO, Rikard Eriksson, m\u00f6tte idag Svenska Taxif\u00f6rbundets nya ordf\u00f6rande Bo Bylund dagen efter hans tilltr\u00e4dande, och presenterade v\u00e5ra k\u00e4rnfr\u00e5gor. <a href=\"http:\/\/www.limoeurope.com\/wp-content\/uploads\/2010\/01\/00029.jpg\">En bild p\u00e5 m\u00f6tet ser du h\u00e4r.<\/a><\/p>\n<p><strong>2011-11-25<\/strong>: Ig\u00e5r var vi till F\u00f6rvaltningsr\u00e4tten i Karlstad f\u00f6r att f\u00f6rhandla v\u00e5r avslagna dispensans\u00f6kan p\u00e5 diskretare prisdekaler f\u00f6r Limousine.<br \/>\nL\u00e4s en <a href=\"http:\/\/nwt.se\/karlstad\/article1010223.ece\">artikel i Nya Wermlands Tidning h\u00e4r<\/a>, eller se ett <a href=\"http:\/\/svt.se\/2.33874\/1.2617030\/dispens_for_bildekal\">inslag fr\u00e5n SVT V\u00e4rmlandsnytt h\u00e4r<\/a>.<\/p>\n<p><strong>2011-05-20<\/strong>: Nu finns protokollet fr\u00e5n SLO:s \u00e5rsm\u00f6te 3:e maj 2011 p\u00e5 siten. Se <a href=\"http:\/\/slo.nu\/?page_id=52\">det och foton fr\u00e5n m\u00f6tet h\u00e4r<\/a> eller via menyvalet ovan.<\/p>\n<p><strong>2010-12-16<\/strong>: Regeringen har fattat beslut om att Transportstyrelsen ska ta \u00f6ver f\u00f6retagskontrollerna av k\u00f6r- och vilotider fr\u00e5n Polisen fr\u00e5n den 1 januari 2011. Mer information finns att l\u00e4sa h\u00e4r: <a href=\"http:\/\/www.yrkestrafiken.se\/Nyheter\/Transportstyrelsen-far-ansvar-for-foretagskontroller-av-kor--och-vilotider\/\">http:\/\/www.yrkestrafiken.se\/<\/a><\/p>\n<p><strong>2010-11-25<\/strong>: Rikard Eriksson representerade i tisdags SLO p\u00e5 en konferens i Transportstyrelsens regi tillsammans med Sveriges \u00c5kerif\u00f6retag, Svenska Bussbranschens Riksf\u00f6rbund, Svenska Transportarbetaref\u00f6rbundet, Kommunal, TransportGruppen, Svenska Taxif\u00f6rbundet, Sveriges Trafikskolors Riksf\u00f6rbund samt TYA Transportfackens Yrkes- och Arbetsmilj\u00f6n\u00e4mnd.<\/p>\n<p><strong>2010-10-11<\/strong>: Nu finns \u00e4ven foton fr\u00e5n SLO-m\u00f6tet under fliken <a href=\"http:\/\/slo.nu\/?page_id=23\">\u00c5rsm\u00f6te 2010-09-21<\/a>. Tack Tomas Carlqvist p\u00e5 Nova Limousine f\u00f6r dokumentationen av dagen!<\/p>\n<p><strong>2010-10-08<\/strong>: SLOs f\u00f6rsta \u00e5rsm\u00f6te h\u00f6lls i september, och ett sammandrag av m\u00f6tets punkter finns att <a href=\"http:\/\/slo.nu\/?page_id=23\">l\u00e4sa h\u00e4r<\/a>, eller genom att klicka p\u00e5 &#8220;\u00c5rsm\u00f6te 2010-09-21&#8221; i menyn ovan. <a href=\"http:\/\/slo.nu\/wp-content\/uploads\/2010\/08\/SLO-Svensk-Limousineorganisation-PDF.pdf\">H\u00e4r finns<\/a> en sammanfattning \u00f6ver vad SLO ska arbeta med.<\/p>\n<p><strong>2010-09-21<\/strong>: SLO Svensk Limousineorganisations nyvalda ordf\u00f6rande Hans Hallberg talar i TV4 Nyheterna 05:25 in i <a href=\"http:\/\/www.tv4play.se\/nyheter\/lokala_nyheter\/stockholm?videoId=1.1823535&#038;selId=1.1062673&#038;currPage=0\">denna s\u00e4ndning<\/a>.<\/p>\n<p><strong>2010-09-15<\/strong>: Tidningar som Svenska Dagbladet och Metro samt dagstidningar \u00f6ver hela Sverige skriver om SLO Svensk Limousineorganisation. H\u00e4r \u00e4r en <a href=\"http:\/\/www.google.se\/search?q=bromsar+limousinebranschen\">aktuell googles\u00f6kning<\/a> och s\u00e5 h\u00e4r ser det ut i <a href=\"http:\/\/www.limoeurope.com\/wp-content\/uploads\/2010\/01\/Spritlag-bromsar-limousinebranschen.jpg\">Nerikes Allehanda<\/a>.<\/p>\n","protected":false},"excerpt":{"rendered":"<p>2012-06-14: Sekreteraren i SLO, Rikard Eriksson, m\u00f6tte idag Svenska Taxif\u00f6rbundets nya ordf\u00f6rande Bo Bylund dagen efter hans tilltr\u00e4dande, och presenterade v\u00e5ra k\u00e4rnfr\u00e5gor. En bild p\u00e5 m\u00f6tet ser du h\u00e4r. 2011-11-25: Ig\u00e5r var vi till F\u00f6rvaltningsr\u00e4tten i Karlstad f\u00f6r att f\u00f6rhandla v\u00e5r avslagna dispensans\u00f6kan p\u00e5 diskretare prisdekaler f\u00f6r Limousine. L\u00e4s en artikel i Nya Wermlands Tidning [&hellip;]<\/p>\n","protected":false},"author":1,"featured_media":0,"parent":0,"menu_order":1,"comment_status":"closed","ping_status":"closed","template":"","meta":{"spay_email":""},"jetpack_shortlink":"https:\/\/wp.me\/P15c9M-24","_links":{"self":[{"href":"http:\/\/slo.nu\/index.php?rest_route=\/wp\/v2\/pages\/128"}],"collection":[{"href":"http:\/\/slo.nu\/index.php?rest_route=\/wp\/v2\/pages"}],"about":[{"href":"http:\/\/slo.nu\/index.php?rest_route=\/wp\/v2\/types\/page"}],"author":[{"embeddable":true,"href":"http:\/\/slo.nu\/index.php?rest_route=\/wp\/v2\/users\/1"}],"replies":[{"embeddable":true,"href":"http:\/\/slo.nu\/index.php?rest_route=%2Fwp%2Fv2%2Fcomments&post=128"}],"version-history":[{"count":1,"href":"http:\/\/slo.nu\/index.php?rest_route=\/wp\/v2\/pages\/128\/revisions"}],"predecessor-version":[{"id":129,"href":"http:\/\/slo.nu\/index.php?rest_route=\/wp\/v2\/pages\/128\/revisions\/129"}],"wp:attachment":[{"href":"http:\/\/slo.nu\/index.php?rest_route=%2Fwp%2Fv2%2Fmedia&parent=128"}],"curies":[{"name":"wp","href":"https:\/\/api.w.org\/{rel}","templated":true}]}}

Äldre Nyheter

<p><strong>2012-06-14</strong>: Sekreteraren i SLO, Rikard Eriksson, mötte idag Svenska Taxiförbundets nya ordförande Bo Bylund dagen efter hans tillträdande, och presenterade våra kärnfrågor. <a href="http://www.limoeurope.com/wp-content/uploads/2010/01/00029.jpg">En bild på mötet ser du här.</a></p>
<p><strong>2011-11-25</strong>: Igår var vi till Förvaltningsrätten i Karlstad för att förhandla vår avslagna dispensansökan på diskretare prisdekaler för Limousine.<br />
Läs en <a href="http://nwt.se/karlstad/article1010223.ece">artikel i Nya Wermlands Tidning här</a>, eller se ett <a href="http://svt.se/2.33874/1.2617030/dispens_for_bildekal">inslag från SVT Värmlandsnytt här</a>.</p>
<p><strong>2011-05-20</strong>: Nu finns protokollet från SLO:s årsmöte 3:e maj 2011 på siten. Se <a href="http://slo.nu/?page_id=52">det och foton från mötet här</a> eller via menyvalet ovan.</p>
<p><strong>2010-12-16</strong>: Regeringen har fattat beslut om att Transportstyrelsen ska ta över företagskontrollerna av kör- och vilotider från Polisen från den 1 januari 2011. Mer information finns att läsa här: <a href="http://www.yrkestrafiken.se/Nyheter/Transportstyrelsen-far-ansvar-for-foretagskontroller-av-kor--och-vilotider/">http://www.yrkestrafiken.se/</a></p>
<p><strong>2010-11-25</strong>: Rikard Eriksson representerade i tisdags SLO på en konferens i Transportstyrelsens regi tillsammans med Sveriges Åkeriföretag, Svenska Bussbranschens Riksförbund, Svenska Transportarbetareförbundet, Kommunal, TransportGruppen, Svenska Taxiförbundet, Sveriges Trafikskolors Riksförbund samt TYA Transportfackens Yrkes- och Arbetsmiljönämnd.</p>
<p><strong>2010-10-11</strong>: Nu finns även foton från SLO-mötet under fliken <a href="http://slo.nu/?page_id=23">Årsmöte 2010-09-21</a>. Tack Tomas Carlqvist på Nova Limousine för dokumentationen av dagen!</p>
<p><strong>2010-10-08</strong>: SLOs första årsmöte hölls i september, och ett sammandrag av mötets punkter finns att <a href="http://slo.nu/?page_id=23">läsa här</a>, eller genom att klicka på &#8220;Årsmöte 2010-09-21&#8221; i menyn ovan. <a href="http://slo.nu/wp-content/uploads/2010/08/SLO-Svensk-Limousineorganisation-PDF.pdf">Här finns</a> en sammanfattning över vad SLO ska arbeta med.</p>
<p><strong>2010-09-21</strong>: SLO Svensk Limousineorganisations nyvalda ordförande Hans Hallberg talar i TV4 Nyheterna 05:25 in i <a href="http://www.tv4play.se/nyheter/lokala_nyheter/stockholm?videoId=1.1823535&#038;selId=1.1062673&#038;currPage=0">denna sändning</a>.</p>
<p><strong>2010-09-15</strong>: Tidningar som Svenska Dagbladet och Metro samt dagstidningar över hela Sverige skriver om SLO Svensk Limousineorganisation. Här är en <a href="http://www.google.se/search?q=bromsar+limousinebranschen">aktuell googlesökning</a> och så här ser det ut i <a href="http://www.limoeurope.com/wp-content/uploads/2010/01/Spritlag-bromsar-limousinebranschen.jpg">Nerikes Allehanda</a>.</p>

<p>2012-06-14: Sekreteraren i SLO, Rikard Eriksson, mötte idag Svenska Taxiförbundets nya ordförande Bo Bylund dagen efter hans tillträdande, och presenterade våra kärnfrågor. En bild på mötet ser du här. 2011-11-25: Igår var vi till Förvaltningsrätten i Karlstad för att förhandla vår avslagna dispensansökan på diskretare prisdekaler för Limousine. Läs en artikel i Nya Wermlands Tidning [&hellip;]</p>
